or of 4548 and 105?
3
What is the greatest common factor of 12 and 55260?
12
What is the greatest common divisor of 125755 and 1505?
35
Calculate the highest common divisor of 860264 and 13752.
1528
What is the highest common factor of 23082 and 102?
6
What is the greatest common factor of 112353 and 11832?
51
Calculate the greatest common factor of 80121 and 102.
51
Calculate the highest common factor of 6136992 and 432.
432
What is the greatest common factor of 1705 and 496?
31
Calculate the highest common factor of 332 and 2217428.
332
Calculate the greatest common divisor of 1247 and 211.
1
What is the greatest common divisor of 969048 and 774?
774
What is the greatest common divisor of 295 and 1500?
5
What is the highest common factor of 17 and 1141601?
17
Calculate the greatest common divisor of 86 and 147.
1
What is the highest common divisor of 16913 and 91?
13
Calculate the greatest common factor of 14904 and 292008.
552
Calculate the highest common divisor of 495 and 15570.
45
What is the highest common divisor of 15992207 and 77?
77
What is the highest common factor of 104 and 10168?
8
What is the greatest common factor of 106 and 98?
2
Calculate the highest common factor of 760 and 688.
8
Calculate the highest common divisor of 54 and 1071.
9
What is the greatest common divisor of 6682 and 923?
13
What is the highest common divisor of 15 and 2615?
5
Calculate the highest common divisor of 1448 and 9955.
181
What is the greatest common factor of 4347 and 3528?
63
Calculate the highest common divisor of 184 and 359812.
92
Calculate the greatest common divisor of 618 and 4276869.
309
What is the greatest common divisor of 135 and 2295?
135
What is the greatest common factor of 667 and 6293?
29
What is the highest common factor of 71324 and 44?
44
What is the highest common divisor of 169712 and 16?
16
What is the greatest common divisor of 1872 and 969552?
144
Calculate the greatest common factor of 938 and 289373.
469
What is the highest common factor of 7276190 and 1670?
1670
Calculate the greatest common factor of 5072 and 656.
16
Calculate the highest common divisor of 68322 and 472.
118
What is the greatest common divisor of 697 and 83725?
17
What is the highest common factor of 468 and 6840?
36
Calculate the greatest common divisor of 54 and 389574.
18
What is the greatest common divisor of 132900 and 60?
60
What is the highest common divisor of 352218 and 846?
282
Calculate the greatest common factor of 310 and 3340.
10
What is the greatest common factor of 1672 and 401698?
418
What is the highest common divisor of 1030110 and 30?
30
What is the greatest common divisor of 1137441 and 3?
3
Calculate the highest common factor of 1960 and 57820.
980
What is the greatest common divisor of 3993 and 8448?
33
Calculate the greatest common factor of 54 and 26874.
18
Calculate the greatest common divisor of 29944 and 456.
152
Calculate the greatest common divisor of 4752 and 120096.
432
Calculate the greatest common factor of 111 and 5296587.
111
Calculate the greatest common divisor of 1270 and 21300.
10
What is the greatest common factor of 729632 and 96?
32
What is the greatest common divisor of 19335 and 10950?
15
What is the highest common divisor of 42581 and 457963?
869
Calculate the highest common divisor of 2700422 and 58.
58
What is the highest common factor of 345 and 255369?
69
Calculate the greatest common divisor of 15385 and 1360.
85
What is the greatest common factor of 252 and 52488?
36
Calculate the highest common factor of 38704 and 48.
16
What is the highest common divisor of 10620 and 20?
20
What is the greatest common divisor of 12715 and 25?
5
Calculate the highest common divisor of 460 and 54510.
230
Calculate the highest common factor of 144 and 239193.
9
Calculate the greatest common factor of 2348 and 64.
4
What is the highest common divisor of 22 and 1235465?
11
Calculate the highest common factor of 1491 and 33.
3
Calculate the highest common factor of 1162 and 152803.
581
What is the greatest common factor of 15 and 80241?
3
Calculate the highest common factor of 48 and 16332.
12
What is the highest common divisor of 186928 and 784?
112
What is the greatest common divisor of 3597 and 19947?
327
What is the greatest common factor of 124197 and 9?
3
Calculate the highest common factor of 267079 and 103.
103
What is the greatest common divisor of 38401 and 902?
11
Calculate the greatest common factor of 21 and 434.
7
What is the greatest common divisor of 159072 and 2304?
96
What is the greatest common factor of 1368 and 136944?
72
What is the greatest common factor of 12070 and 8925?
85
What is the highest common factor of 107230 and 10?
10
Calculate the greatest common divisor of 1040085 and 1827.
261
What is the highest common divisor of 1777977 and 54?
27
What is the greatest common divisor of 1326 and 1963806?
1326
Calculate the greatest common factor of 1890 and 46396.
14
What is the highest common factor of 6239 and 25323?
367
What is the highest common divisor of 98 and 100786?
14
What is the greatest common divisor of 11692 and 6557?
79
What is the highest common factor of 355929 and 1428?
357
What is the greatest common divisor of 86872 and 400?
8
Calculate the greatest common divisor of 388959 and 409.
409
What is the highest common divisor of 6766359 and 591?
591
What is the greatest common divisor of 19 and 1660999?
19
Calculate the highest common divisor of 12118 and 2336.
146
Calculate the greatest common factor of 11288 and 11390.
34
What is the greatest common factor of 1920969 and 27?
27
Calculate the highest common factor of 180 and 971445.
15
Calculate the greatest common divisor of 3200 and 11450.
50
Calculate the highest common factor of 84 and 405804.
84
What is the greatest common factor of 76980 and 120?
60
What is the highest common factor of 4862 and 11570?
26
Calculate the greatest common divisor of 25604 and 888.
148
What is the greatest common factor of 1339777 and 1?
1
Calculate the highest common divisor of 15696 and 14688.
144
What is the greatest common factor of 1729 and 2296359?
247
Calculate the greatest common divisor of 49769 and 157.
157
What is the highest common divisor of 325 and 887900?
325
What is the greatest common divisor of 96 and 17124?
12
Calculate the highest common divisor of 556038 and 9450.
378
What is the greatest common divisor of 1245 and 8280?
15
Calculate the greatest common factor of 1825 and 2263.
73
Calculate the highest common divisor of 687 and 9.
3
What is the greatest common factor of 396 and 5328?
36
Calculate the highest common factor of 165949 and 755.
151
Calculate the greatest common factor of 1394436 and 348.
348
What is the highest common factor of 57981 and 1848?
231
What is the greatest common factor of 171125 and 5?
5
What is the highest common factor of 373809 and 159?
159
Calculate the greatest common factor of 6672 and 108.
12
What is the greatest common factor of 600 and 230600?
200
Calculate the highest common factor of 7 and 175889.
7
Calculate the greatest common factor of 273210 and 25.
5
What is the highest common divisor of 24246 and 1962?
18
Calculate the greatest common divisor of 49 and 134701.
49
Calculate the greatest common divisor of 17958 and 2214.
246
Calculate the highest common factor of 521340 and 60.
60
Calculate the greatest common factor of 46130 and 1022.
14
Calculate the greatest common factor of 105 and 16205.
35
Calculate the greatest common factor of 30613 and 23.
23
What is the greatest common factor of 243 and 825390?
81
Calculate the highest common factor of 6447147 and 337.
337
Calculate the greatest common divisor of 2997474 and 12.
6
What is the greatest common divisor of 4991004 and 37?
37
What is the greatest common factor of 21994 and 91?
7
Calculate the highest common divisor of 903 and 295883.
301
Calculate the greatest common factor of 280 and 130120.
40
What is the greatest common factor of 734069 and 49?
49
Calculate the greatest common factor of 1 and 1521623.
1
What is the highest common divisor of 702 and 157932?
18
Calculate the highest common divisor of 301635 and 585.
45
Calculate the highest common factor of 76590 and 225.
45
What is the highest common factor of 269 and 437932?
2